{"id":619,"date":"2022-09-15T15:45:27","date_gmt":"2022-09-15T13:45:27","guid":{"rendered":"https:\/\/lexer-cfdt.com\/?page_id=619"},"modified":"2023-04-12T18:25:05","modified_gmt":"2023-04-12T16:25:05","slug":"pouvoir-dachat","status":"publish","type":"page","link":"https:\/\/lexer-cfdt.com\/index.php\/pouvoir-dachat\/","title":{"rendered":"Pouvoir d&rsquo;achat"},"content":{"rendered":"\n<h2 class=\"wp-block-heading has-text-align-center has-large-font-size\">COURRIER INTERSYNDICAL <\/h2>\n\n\n\n<figure class=\"wp-block-image alignwide size-large\"><img loading=\"lazy\" decoding=\"async\" width=\"723\" height=\"1024\" src=\"https:\/\/lexer-cfdt.com\/wp-content\/uploads\/2023\/04\/Scanned_from_a_Lexmark_Multifunction_Product05-04-2023-172742-723x1024.jpg\" alt=\"\" class=\"wp-image-1470\" srcset=\"https:\/\/lexer-cfdt.com\/wp-content\/uploads\/2023\/04\/Scanned_from_a_Lexmark_Multifunction_Product05-04-2023-172742-723x1024.jpg 723w, https:\/\/lexer-cfdt.com\/wp-content\/uploads\/2023\/04\/Scanned_from_a_Lexmark_Multifunction_Product05-04-2023-172742-212x300.jpg 212w, https:\/\/lexer-cfdt.com\/wp-content\/uploads\/2023\/04\/Scanned_from_a_Lexmark_Multifunction_Product05-04-2023-172742-768x1088.jpg 768w, https:\/\/lexer-cfdt.com\/wp-content\/uploads\/2023\/04\/Scanned_from_a_Lexmark_Multifunction_Product05-04-2023-172742.bmp 793w\" sizes=\"auto, (max-width: 723px) 100vw, 723px\" \/><\/figure>\n\n\n\n<h2 class=\"wp-block-heading has-text-align-center has-large-font-size\">OBSERVATOIRE DE L&rsquo;INFLATION <\/h2>\n\n\n\n<blockquote class=\"wp-block-quote is-layout-flow wp-block-quote-is-layout-flow\">\n<p class=\"has-text-align-center\">\u00abIl faut que toutes les entreprises qui le peuvent augmentent les salaires\u00bb<\/p>\n<cite>Bruno Le Maire &#8211; 25 octobre 2022<\/cite><\/blockquote>\n\n\n\n<h2 class=\"wp-block-heading has-text-align-center has-large-font-size\"><em>\u00c9VOLUTION DU PANIER SUR 1 AN* <\/em><\/h2>\n\n\n\n<figure class=\"wp-block-image alignwide size-large\"><img loading=\"lazy\" decoding=\"async\" width=\"1024\" height=\"606\" src=\"https:\/\/lexer-cfdt.com\/wp-content\/uploads\/2023\/03\/Capture-1024x606.jpg\" alt=\"\" class=\"wp-image-1406\" srcset=\"https:\/\/lexer-cfdt.com\/wp-content\/uploads\/2023\/03\/Capture-1024x606.jpg 1024w, https:\/\/lexer-cfdt.com\/wp-content\/uploads\/2023\/03\/Capture-300x177.jpg 300w, https:\/\/lexer-cfdt.com\/wp-content\/uploads\/2023\/03\/Capture-768x454.jpg 768w, https:\/\/lexer-cfdt.com\/wp-content\/uploads\/2023\/03\/Capture-1200x710.jpg 1200w, https:\/\/lexer-cfdt.com\/wp-content\/uploads\/2023\/03\/Capture.jpg 1302w\" sizes=\"auto, (max-width: 1024px) 100vw, 1024px\" \/><figcaption class=\"wp-element-caption\">Source: 60 Millions\/NielsenIQ Cr\u00e9\u00e9 avec Datawrapper<\/figcaption><\/figure>\n\n\n\n<figure class=\"wp-block-image alignwide size-full\"><img loading=\"lazy\" decoding=\"async\" width=\"846\" height=\"762\" src=\"https:\/\/lexer-cfdt.com\/wp-content\/uploads\/2023\/04\/Capture-decran-du-2023-04-03-18-49-22.png\" alt=\"\" class=\"wp-image-1419\" srcset=\"https:\/\/lexer-cfdt.com\/wp-content\/uploads\/2023\/04\/Capture-decran-du-2023-04-03-18-49-22.png 846w, https:\/\/lexer-cfdt.com\/wp-content\/uploads\/2023\/04\/Capture-decran-du-2023-04-03-18-49-22-300x270.png 300w, https:\/\/lexer-cfdt.com\/wp-content\/uploads\/2023\/04\/Capture-decran-du-2023-04-03-18-49-22-768x692.png 768w\" sizes=\"auto, (max-width: 846px) 100vw, 846px\" \/><figcaption class=\"wp-element-caption\">Source: 60 Millions\/NielsenIQ Cr\u00e9\u00e9 avec Datawrapper<\/figcaption><\/figure>\n\n\n\n<p class=\"has-small-font-size\">* Pour plus de d\u00e9tail sur l&rsquo;\u00e9tude, cliquer sur le <a rel=\"noreferrer noopener\" href=\"https:\/\/www.60millions-mag.com\/2022\/11\/25\/observatoire-de-l-inflation-19695#\" target=\"_blank\">lien<\/a><\/p>\n\n\n\n<div style=\"height:39px\" aria-hidden=\"true\" class=\"wp-block-spacer\"><\/div>\n\n\n\n\n\n<div style=\"height:46px\" aria-hidden=\"true\" class=\"wp-block-spacer\"><\/div>\n","protected":false},"excerpt":{"rendered":"<p>COURRIER INTERSYNDICAL OBSERVATOIRE DE L&rsquo;INFLATION \u00abIl faut que toutes les entreprises qui le peuvent augmentent les salaires\u00bb Bruno Le Maire &#8211; 25 octobre 2022 \u00c9VOLUTION DU PANIER SUR 1 AN* * Pour plus de d\u00e9tail sur l&rsquo;\u00e9tude, cliquer sur le lien<\/p>\n","protected":false},"author":4,"featured_media":859,"parent":0,"menu_order":0,"comment_status":"closed","ping_status":"closed","template":"","meta":{"footnotes":""},"class_list":["post-619","page","type-page","status-publish","has-post-thumbnail","hentry"],"_links":{"self":[{"href":"https:\/\/lexer-cfdt.com\/index.php\/wp-json\/wp\/v2\/pages\/619","targetHints":{"allow":["GET"]}}],"collection":[{"href":"https:\/\/lexer-cfdt.com\/index.php\/wp-json\/wp\/v2\/pages"}],"about":[{"href":"https:\/\/lexer-cfdt.com\/index.php\/wp-json\/wp\/v2\/types\/page"}],"author":[{"embeddable":true,"href":"https:\/\/lexer-cfdt.com\/index.php\/wp-json\/wp\/v2\/users\/4"}],"replies":[{"embeddable":true,"href":"https:\/\/lexer-cfdt.com\/index.php\/wp-json\/wp\/v2\/comments?post=619"}],"version-history":[{"count":78,"href":"https:\/\/lexer-cfdt.com\/index.php\/wp-json\/wp\/v2\/pages\/619\/revisions"}],"predecessor-version":[{"id":1475,"href":"https:\/\/lexer-cfdt.com\/index.php\/wp-json\/wp\/v2\/pages\/619\/revisions\/1475"}],"wp:featuredmedia":[{"embeddable":true,"href":"https:\/\/lexer-cfdt.com\/index.php\/wp-json\/wp\/v2\/media\/859"}],"wp:attachment":[{"href":"https:\/\/lexer-cfdt.com\/index.php\/wp-json\/wp\/v2\/media?parent=619"}],"curies":[{"name":"wp","href":"https:\/\/api.w.org\/{rel}","templated":true}]}}